)/2. Suppose 3*a + 4*l - 31 = -0*a, 0 = h*a + 2*l - 35. Calculate the greatest common divisor of a and 143.
13
Let g(y) be the third derivative of y**6/120 - y**5/30 - y**4/24 + 14*y**3 - 33*y**2. Let l be g(0). Calculate the greatest common factor of 12 and l.
12
Let r be (-6)/(-18)*(3 + -1 + 82). Calculate the greatest common divisor of r and 196.
28
Suppose -5*o + 7 = -8. Suppose -182 = -5*r - 2*y, -2*r - o*y + 77 = 2*y. Let q = -10 + 22. What is the highest common divisor of q and r?
12
Let s = 34 - 25. Suppose -m + 3*h + s = -0*m, -4*m + 4*h + 28 = 0. Calculate the greatest common factor of m and 18.
6
Let p be 1 - -1 - (-861)/7. Let x = 8 - p. Let s = -75 - x. What is the highest common divisor of s and 14?
14
Suppose 5*q - 2752 = 413. Let v(z) = 2*z - 3. Let y be v(4). Suppose 0 = y*r - q + 108. What is the greatest common divisor of r and 42?
21
Let b be (-82)/(0 + (-5)/15). Calculate the greatest common factor of b and 6.
6
Suppose 14*p + p - 1980 = 0. What is the highest common divisor of p and 27?
3
Let v = 1554 - 1295. What is the highest common factor of 407 and v?
37
Let q = 15 + 219. What is the greatest common divisor of q and 18?
18
Suppose -2*i = 6, 2*p - 3*i - i = 28. Let q be 165/(-60) - 2/8 - -4. Calculate the greatest common factor of q and p.
1
Suppose 2*c - 42 = -4*d, 5*d - 3*c - 27 = 2*d. Suppose -3*i + 270 = 6*i. What is the greatest common factor of i and d?
10
Suppose -4*w + 6*w + 5*o = 340, w - o = 170. Suppose -a + 18 = s, 0 = -s - 3*a + 32 - 10. Let y = w - s. What is the greatest common factor of y and 14?
14
Let x(r) = -r**2 - r + 188. Let w be x(0). Suppose u - w = 5*a, -5*u - a = -0*a - 992. Let l = u + -72. Calculate the greatest common divisor of l and 18.
18
Suppose 3*r = -r + 8. Suppose r*x - 6*x = -4. Suppose 4*a - 4 = -4*h, 4*h = a + 12 + 2. What is the greatest common divisor of x and h?
1
Suppose -84 = -5*c + c. Suppose 2*o = -c - 11. Let t = o + 21. What is the greatest common factor of t and 5?
5
Let p = -19 + 23. Suppose p*u = 6*u - 240. Suppose -j = 4*o - 46 - 6, 3*o = 2*j - 93. Calculate the highest common factor of u and j.
24
Let y be (-1 + 2)/((-4)/(-72)). Suppose -y*v + 13*v + 35 = 0. Calculate the greatest common divisor of 1 and v.
1
Let f = -58 + 82. Let k(i) = i**3 + 9*i**2 + 7*i - 2. Let y be k(-8). Calculate the greatest common factor of f and y.
6
Let z(m) = 50*m - 685. Let t be z(48). Calculate the greatest common divisor of 35 and t.
35
Let x be 715/39 - 2*(-20)/24. What is the greatest common factor of x and 80?
20
Suppose 155 = -4*t - 9. Let m = -24 - t. What is the greatest common divisor of m and 85?
17
Suppose f = -i + 23 - 13, -f + 6 = -i. Calculate the highest common divisor of 2 and f.
2
Let r(j) = 57*j**2 - 13*j**2 - 20*j**2 - j**3 + j - 2 - 19*j**2. Let v be r(4). Suppose 0*b + 2*b = 72. What is the greatest common divisor of b and v?
18
Suppose p + a + 2 = 13, -25 = -5*a. Suppose 3*b = 6*b + p. Let t = 5 + b. Calculate the greatest common factor of t and 33.
3
Suppose d - 443 = -383. Calculate the highest common divisor of d and 12.
12
Let f(l) = -37*l**3 + l**2 - 2*l + 2. Let y be f(1). Let v = -11 - y. Calculate the greatest common divisor of v and 10.
5
Suppose -3*a = -2*a - 4. Suppose a*b - 1 = 91. What is the greatest common divisor of 69 and b?
23
Suppose 9*q = 5*q - 152. Let m = q - -78. Calculate the greatest common factor of 160 and m.
40
Suppose -159 - 599 = 3*i - h, 0 = 5*h - 25. Let f = i + 359. What is the highest common factor of 36 and f?
36
Suppose 2*j - 6 - 410 = -n, 3*j - 631 = 2*n. What is the greatest common factor of 57 and j?
19
Suppose -x - m = 72, -15 = -0*m - 3*m. Let z = 109 + x. Calculate the greatest common factor of z and 4.
4
Let r(c) = -152*c**3 - c. Let t be r(-1). Suppose -3*j - 7 = -16. Let b be ((31 + j)*-1)/(-2). What is the highest common factor of b and t?
17
Suppose 2*v - 2*b = 92, 2*v - 52 = 5*b + 46. What is the greatest common divisor of v and 55?
11
Suppose 622 - 97 = 75*z. Suppose 72 + 12 = 3*w. What is the greatest common divisor of z and w?
7
Suppose -27 + 7 = 5*n. Let l be 8/(-32) + 35/n. Let k = l - -11. What is the greatest common factor of 4 and k?
2
Suppose -5*s - 3*o = -55, 5*s - 4*o + 0*o - 20 = 0. Let z be (-7)/(-1)*72/(-42)*88/(-12). What is the greatest common divisor of s and z?
8
Let j be 2/8 + (2 - 204/(-16)). What is the highest common factor of 10 and j?
5
Let u be 7/(-3 - 4) - -87. Calculate the highest common divisor of 1376 and u.
86
Suppose 4*i - 2*u - 126 - 184 = 0, -5*i - 5*u + 380 = 0. Let m(j) = -4*j**2 - 39*j - 84. Let h be m(-5). Calculate the highest common factor of h and i.
11
Let z be 0 - (-1 + 1 + 20). Let n = -15 - -19. Let a be 299/n - 5/z. Calculate the highest common divisor of 15 and a.
15
Let w = 2022 - 1262. Calculate the greatest common divisor of 40 and w.
40
Let x(c) = -c - 9. Let b be x(-11). Suppose 0 = -3*t + 12, 6*j - 2*t + b = 4*j. What is the greatest common divisor of j and 57?
3
Suppose 2*o + 24 = 2*r, -r - 3*r - o + 48 = 0. Suppose t = -t + 8. Suppose -5*n = t + 1, 0 = -5*l + 5*n + 185. What is the greatest common divisor of l and r?
12
Suppose 4*k = -4*m + 20, 0 = 7*m - 2*m + 3*k - 35. Calculate the highest common divisor of 270 and m.
10
Suppose -3*k = -475 + 70. Let t(o) = -2*o**2 + 4*o + 41. Let g be t(0). Suppose 0 = -2*f + g + k. Calculate the highest common divisor of f and 8.
8
Let s be (5 + 0)*(-14)/(-14). Let w be 5 - (s + 0 - 3). Suppose 0*i - 5*d + 31 = 4*i, -9 = -w*d. Calculate the highest common factor of i and 16.
4
Let x be -7*12/(-98)*77. Calculate the highest common divisor of x and 132.
66
Let n(c) = c**3 + 12*c**2 - 2*c + 22. Let q be n(-12). Suppose -q = -5*m + 64. Calculate the greatest common factor of 33 and m.
11
Suppose -44*j = -429 - 143. Calculate the highest common divisor of 468 and j.
13
Let j be 5*-1*(1 - 6). Let y(x) = x**3 - 9*x**2 + 12*x - 22. Let t be y(8). Calculate the highest common factor of j and t.
5
Let k be (-1 - 0)*3 + 7. Suppose -t - 4 = -3*s, -3*t - t - k*s = 0. Let l be (-9)/(-1) + (0 - t). What is the greatest common factor of l and 5?
5
Let h = 96 - 51. Suppose -5*l + 3*l = 2*n + 14, -2*l + 16 = -3*n. Let u be 6*1/(-2)*n. What is the highest common divisor of h and u?
9
Let c(m) = 2*m**2 - 2*m. Let k be c(-2). Suppose 22*w = 668 - 8. Calculate the greatest common factor of w and k.
6
Let r = 242 - 212. What is the highest common divisor of 390 and r?
30
Let t be (6 + -4 - 2)/1. Suppose -4*k - 3*m = -25, t*m = -3*k + 4*m. What is the greatest common factor of 6 and k?
2
Let v be (-22)/((2/1)/(-2)). Let j = -9 + v. Calculate the highest common divisor of j and 13.
13
Let t(b) = b**3 - 34*b**2 - 33*b + 20. Let n be t(35). What is the greatest common factor of n and 30?
30
Suppose -5*a - 1385 = -5*v, 4*v + 3*a = -2*a + 1063. Let x(d) = -35*d**3 - 2*d**2 - 2*d - 1. Let q be x(-1). Calculate the highest common factor of q and v.
34
Let a be 14/(-77) + (-68)/(-11). Suppose -3*s + 25 = -h, -5*s - h + a*h = -35. Calculate the greatest common factor of 9 and s.
9
Suppose -4*t - 2*k = -60, 2*t - 2*k = 15 + 9. Let x(o) = -20*o - 2. Let q be x(-5). What is the greatest common factor of q and t?
14
Let h = 29 - -11. Let p = -4 + 8. Suppose -60 = -o + 2*n, -p*n + 60 = 2*o - o. What is the greatest common factor of h and o?
20
Let i = -15 + 21. Suppose 0 = -l + 4*l - r - 202, -r + 62 = l. Calculate the greatest common divisor of l and i.
6
Let g(m) = m**2 - 16*m + 36. Suppose -23 = 2*j - 55. Let l be g(j). Suppose 46 = 3*p + 19. Calculate the greatest common divisor of p and l.
9
Suppose 0 = j + 5*m - 47 - 54, -2*j = -2*m - 154. What is the greatest common factor of j and 135?
27
Let z(m) = -m**2 - m + 8. Let x be z(0). Suppose -11 = -3*d - x. Suppose -3*j = -131 - d. What is the highest common divisor of 4 and j?
4
Let t be (-172)/(-1376) + (-79)/(-8). Let y = -396 - -566. What is the greatest common divisor of y and t?
10
Let m be (-324)/(-16) + 1/(-4). Suppose -50*y + 49*y + 48 = 3*u, 3*y + 36 = 3*u. What is the highest common factor of u and m?
5
Let m = -2 + 4. Suppose -84 = -0*a - 6*a. Suppose 3*j = -m*j + 3*t + 36, -j + a = -4*t. What is the greatest common factor of 66 and j?
6
Let q(t) = -t**3 + 2*t - 3*t + 9*t**2 - 7*t - 5. Let p b